{"id":2,"date":"2020-12-01T06:09:13","date_gmt":"2020-12-01T06:09:13","guid":{"rendered":"http:\/\/exekutorsky-portal.cz\/?page_id=2"},"modified":"2020-12-03T09:23:23","modified_gmt":"2020-12-03T09:23:23","slug":"sample-page","status":"publish","type":"page","link":"https:\/\/exekutorsky-portal.cz\/","title":{"rendered":"Sample Page"},"content":{"rendered":"\n<h1>\n\t\tStr\u00e1nky se p\u0159ipravuj\u00ed\n\t<\/h1>\n\n","protected":false},"excerpt":{"rendered":"<p>Str\u00e1nky se p\u0159ipravuj\u00ed<\/p>\n","protected":false},"author":1,"featured_media":0,"parent":0,"menu_order":0,"comment_status":"closed","ping_status":"open","template":"","meta":[],"_links":{"self":[{"href":"https:\/\/exekutorsky-portal.cz\/index.php\/wp-json\/wp\/v2\/pages\/2"}],"collection":[{"href":"https:\/\/exekutorsky-portal.cz\/index.php\/wp-json\/wp\/v2\/pages"}],"about":[{"href":"https:\/\/exekutorsky-portal.cz\/index.php\/wp-json\/wp\/v2\/types\/page"}],"author":[{"embeddable":true,"href":"https:\/\/exekutorsky-portal.cz\/index.php\/wp-json\/wp\/v2\/users\/1"}],"replies":[{"embeddable":true,"href":"https:\/\/exekutorsky-portal.cz\/index.php\/wp-json\/wp\/v2\/comments?post=2"}],"version-history":[{"count":4,"href":"https:\/\/exekutorsky-portal.cz\/index.php\/wp-json\/wp\/v2\/pages\/2\/revisions"}],"predecessor-version":[{"id":14,"href":"https:\/\/exekutorsky-portal.cz\/index.php\/wp-json\/wp\/v2\/pages\/2\/revisions\/14"}],"wp:attachment":[{"href":"https:\/\/exekutorsky-portal.cz\/index.php\/wp-json\/wp\/v2\/media?parent=2"}],"curies":[{"name":"wp","href":"https:\/\/api.w.org\/{rel}","templated":true}]}}